 57 - 53. Suppose 8 = r - 4*x + j, -3*x - 71 = -5*r. Suppose -3*k + 340 = r. Calculate the remainder when k is divided by 10.
8
Let n(w) = 16*w**2 - 3*w + 11. Let b(x) = -5*x - 47. Let p be b(-10). Let s be n(p). Suppose -s = -a + 139. Calculate the remainder when a is divided by 16.
13
What is the remainder when 596 is divided by 9 + 489/45 + 1 + (-78)/90?
16
Let m(z) = 2*z**2 + 26*z + 16. Let r be m(-12). What is the remainder when 110 is divided by (-470)/r - (-19)/76?
51
Suppose u + 555 = 6*u. Suppose -u + 93 = -2*k. Suppose 3*g - 92 = 2*y, -5*g = -4*y + 40 - 194. What is the remainder when g is divided by k?
3
Suppose 224 = 4*p + 3*q, 0*q + 7*q = 0. Calculate the remainder when 160 is divided by p.
48
Let x(b) = b**2 - b. Let h(v) = 33*v**3 + 2*v + 1. Let n(k) = -h(k) - x(k). What is the remainder when (2 - 1) + 25/5 + 56 is divided by n(-1)?
30
Suppose 3*q - 9*i - 702 = 0, q + 34*i - 185 = 30*i. Suppose 0*f + 2*f - 56 = 0. What is the remainder when q is divided by f?
17
Let m = 1389 - 1366. Calculate the remainder when 159 is divided by m.
21
Suppose -9*t + 78 = -8*t - 5*f, 5*t - 194 = -3*f. Let y = -14 - -22. Calculate the remainder when t is divided by y.
3
Let z = -39 + 69. Suppose 40*b - z = 30*b. Let l(c) = -12*c - 3. Calculate the remainder when l(-2) is divided by b.
0
Let h(d) = 76*d**2 - 2*d + 3. Let j be (((-32)/(-10))/(-2))/((-14)/70). Suppose 10*l = j*l + 2. Calculate the remainder when h(l) is divided by 21.
14
Let v(f) be the first derivative of -43*f + 5/2*f**2 - 14. What is the remainder when 19 is divided by v(10)?
5
Let p = 17147 - 17142. Let j = -3 - -5. What is the remainder when p is divided by j?
1
Suppose 3265 = 242*q - 2301. Let a = 11 - 7. What is the remainder when q is divided by a?
3
Let z = -4 - -11. Let v = 270 - 270. Suppose v = 2*b - 4*b + 40. What is the remainder when b is divided by z?
6
Suppose 3*p + 65 = 587. Let s = 41313 - 41225. What is the remainder when p is divided by s?
86
Let t be (33/(-2) + 6)/(3/(-48)). What is the remainder when 75 is divided by ((-1392)/t)/((-1)/7)?
17
Let i(j) = 7*j**2 - 23*j + 22. Let k(x) = x**2 + 24*x + 99. Let w be k(-5). Calculate the remainder when 44 is divided by i(w).
2
Calculate the remainder when 2555 is divided by 0 + 1/(-5) + 121396/1705.
70
Suppose -326*n + 321*n - 4617 = -3*q, 0 = 3*n - 18. Calculate the remainder when q is divided by 65.
54
What is the remainder when (510 - -75) + 3*-1 is divided by 49?
43
Suppose -34*o + 81*o = 21*o + 3172. What is the remainder when 1104 is divided by o?
6
Suppose 339*f + 4595 - 11375 = 0. Calculate the remainder when 18*(1 + 2/4) is divided by f.
7
Let p be 43*(-13)/(13/4). Let t = -136 - p. Calculate the remainder when 204 is divided by t.
24
Suppose -9*j - 22 = -4. Suppose -2*m - 4 = -0*m. Calculate the remainder when 1 + j + 22 + m is divided by 10.
9
Suppose 4 - 10 = 2*h, f + 12 = 2*h. What is the remainder when 71077/333 + 8/f is divided by ((-96)/(-56))/(1/21)?
33
Suppose -3*m + 516 = c, -114 = -2*m - 5*c + 256. Calculate the remainder when 4079 is divided by m.
169
Calculate the remainder when 149 is divided by (-1660)/(-15) + 3 - 20/(-15).
34
Let v(w) = -4*w + 110. Let n be v(27). Calculate the remainder when (1701/(-14))/((-1)/n) is divided by 41.
38
Let n(b) = -b**2 + 15*b - 39. Let v be n(11). Suppose -45 = -3*w - v*o, o = -2*w - o + 30. Calculate the remainder when w is divided by 4.
3
Suppose 0 = n - 5, 3*t - 10*t + 4*n = -463. What is the remainder when 850 is divided by t?
22
Let q(x) = -13*x - 116. Let f be q(-7). Let i = f + 54. Calculate the remainder when 76 is divided by i.
18
Suppose 0 = -2*y + y + 4. What is the remainder when (-255)/225 + -5 + 6 + (-1092)/(-90) is divided by y?
0
Suppose 61 - 67 = -3*s. Calculate the remainder when 56 is divided by 3*(1 + 4 + s/(-1)).
2
Suppose 51 + 1537 = 24*u - 140. Let z(a) = -20*a + 1. Let t be z(-6). Let i = t - u. What is the remainder when i is divided by 18?
13
Let h = -4760 - -10102. What is the remainder when h is divided by 13?
12
Suppose 120*m + 55 = 119*m. Calculate the remainder when 130 is divided by 1/(380/m + 4 - -3).
9
Let s = -561 - -453. Let k(q) = 15*q**2 + q. What is the remainder when k(2) is divided by 4/(-6) + 45/s*-28?
7
Let t(x) = 255*x**2 + x + 5. Calculate the remainder when t(-1) is divided by 252.
7
Let f(t) = -t - t**3 - 10 + 11*t**2 - 14*t**2 - 5. Suppose -50 = -2*h + 4*q, 3*h - 69 = 7*q - 3*q. Calculate the remainder when h is divided by f(-4).
4
Let d(b) = -b**3 - 17*b**2 - 39*b + 205. What is the remainder when 136 is divided by d(-13)?
28
Let v = 14296 + -14048. What is the remainder when v is divided by 37?
26
Let r = -201 + 336. Suppose -27*j + 33 = q - 25*j, 4*q + 5*j = r. What is the remainder when q is divided by 19?
16
Let i = 309 + -216. What is the remainder when 102 is divided by i?
9
Let r = -30282 - -30299. What is the remainder when 27080 is divided by r?
16
Suppose -8*z = -967 - 705. Suppose j + 10*j = z. What is the remainder when 132 is divided by j?
18
Suppose 0 = -4*v + 5*f - 525, v - 14*f + 9*f + 120 = 0. Let l = v - -149. What is the remainder when 55 is divided by l?
13
Let k(d) = d**3 - 4*d**2 + 4*d. Let c be k(3). Suppose 2*t = -2, 8 = p - 4*t + c*t. Calculate the remainder when 17 is divided by p.
3
Let u = 7296 - 6452. What is the remainder when u is divided by 212?
208
Suppose 3*j = -2*j + 120. Suppose -425 - 187 = -77*g - 25*g. Calculate the remainder when j is divided by g.
0
Let l = -302 + 296. Calculate the remainder when 26 is divided by 30/l*-1 - -13.
8
Suppose -2*f + 5*l + 409 = 0, 0*f = 5*f - l - 965. Suppose 21*w = -f + 633. Calculate the remainder when 39 is divided by w.
18
Suppose -3*s - 5*g + 4*g + 7 = 0, 0 = 4*g + 8. Let l be (8/s)/(3/54). Suppose -610 - l = -7*r. What is the remainder when r is divided by 19?
18
Let l = 2919 + -2896. What is the remainder when 119 is divided by l?
4
Let w = 67513 + -67503. Let j = -42 + 64. Suppose -2*c + 18 = 5*t, 0 = 5*c + 3*t - j - 4. What is the remainder when w is divided by c?
2
Suppose -576*s + 588*s = 7332. Calculate the remainder when s is divided by 197.
20
Let o be ((-36)/(-6) + -8)/(1/(-8)). What is the remainder when 174 is divided by 0/((-24)/6) + o?
14
Let p(g) be the first derivative of 2*g**3/3 - 43*g**2/2 - 9*g + 242. What is the remainder when 38 is divided by p(22)?
12
Suppose -277*s + 273*s - 125 = -3*g, -3*s = -g + 40. What is the remainder when 88 is divided by g?
2
Suppose 392 - 3981 = -111*r + 14*r. Calculate the remainder when 1363 is divided by r.
31
Let k(x) = -2*x**2 - 53*x + 53. Let q(j) = 4*j**2 + 107*j - 106. Let p(i) = -5*k(i) - 3*q(i). What is the remainder when p(-27) is divided by 22?
19
Let d be 88/2068 - (-8)/(-188). Let n(o) be the second derivative of 7*o**3/6 + 12*o**2 + o. Calculate the remainder when 69 is divided by n(d).
21
Let b(r) = r**3 + 15*r**2 - 100*r + 12. Suppose 5*s = -5*q + 310, 3*q - 174 = -3*s + 4*q. Calculate the remainder when s is divided by b(-20).
11
Let v(a) = a**3 + 8*a**2 - 9. Let m be v(-8). Let q be (96/60 - 1)*-5. What is the remainder when 14 is divided by q/12*-33 - m/(-36)?
6
Suppose 0 = 7*y + 3*y - 460. What is the remainder when (-21106)/(-173) + (0 - 4) is divided by y?
26
Let c(r) = 41*r**3 + r**2 - 6*r + 2. Suppose 0 = -5*v + 15*z - 12*z + 22, -3*z = -3*v + 18. Calculate the remainder when c(v) is divided by 65.
62
Let g(r) = r**3 + 3*r**2 - 6. Suppose 22*z = 5*i + 18*z - 27, 0 = 4*i + 2*z - 6. What is the remainder when g(2) is divided by i?
2
Suppose -391*i + 419*i - 308 = 0. Calculate the remainder when 2801 is divided by i.
7
Suppose 24*u = 27*u + 12. Calculate the remainder when ((-23)/(-3))/(4/12) is divided by u - 15*(4 - (-56)/(-12)).
5
Let b = -3 + 15. Suppose -8*s + 92 = -b. What is the remainder when s is divided by 5?
3
Let n = -4600 + 4798. Calculate the remainder when n is divided by 28.
2
Suppose 0*q = 5*j + 2*q - 1417, 5*j - q = 1414. Calculate the remainder when j is divided by 24.
19
Suppose 4*v - 592 = -45*h + 49*h, -h + 572 = 4*v. Calculate the remainder when 220 is divided by v.
76
Let d(w) = 131*w**2 - 22*w - 8. Let f be d(5). Suppose 2050 = 41*h - f. What is the remainder when h is divided by 32?
31
Suppose -17*n - 3248 = -n. Let c = n - -238. Suppose 